{"id":442,"date":"2021-06-24T22:46:30","date_gmt":"2021-06-24T22:46:30","guid":{"rendered":"http:\/\/www.asalfa.org.ar\/web\/?page_id=442"},"modified":"2026-04-07T15:14:31","modified_gmt":"2026-04-07T18:14:31","slug":"como-asociarse","status":"publish","type":"page","link":"http:\/\/www.asalfa.org.ar\/web\/como-asociarse\/","title":{"rendered":"Como asociarse"},"content":{"rendered":"\t\t<div data-elementor-type=\"wp-page\" data-elementor-id=\"442\" class=\"elementor elementor-442\" data-elementor-settings=\"[]\">\n\t\t\t\t\t\t\t<div class=\"elementor-section-wrap\">\n\t\t\t\t\t\t\t<section class=\"elementor-section elementor-top-section elementor-element elementor-element-20938812 elementor-section-boxed elementor-section-height-default elementor-section-height-default\" data-id=\"20938812\" data-element_type=\"section\">\n\t\t\t\t\t\t<div class=\"elementor-container elementor-column-gap-default\">\n\t\t\t\t\t<div class=\"elementor-column elementor-col-100 elementor-top-column elementor-element elementor-element-1b5737b7\" data-id=\"1b5737b7\" data-element_type=\"column\">\n\t\t\t<div class=\"elementor-widget-wrap elementor-element-populated\">\n\t\t\t\t\t\t\t\t<div class=\"elementor-element elementor-element-581d27ca elementor-widget elementor-widget-text-editor\" data-id=\"581d27ca\" data-element_type=\"widget\" data-widget_type=\"text-editor.default\">\n\t\t\t\t<div class=\"elementor-widget-container\">\n\t\t\t\t\t\t\t<p>El procedimiento a seguir es el siguiente:<\/p>\n<ul>\n<li>Descargue, imprima, complete la solicitud de <strong>Socio\/a adherente<\/strong> y f\u00edrmela (en original). Luego escanee y env\u00edela v\u00eda mail junto a una copia del t\u00edtulo universitario y de la matr\u00edcula profesional habilitante.<\/li>\n<li>En caso de ser estudiante universitaria\/o complete la solicitud, adjunte el certificado de alumno\/a regular universitario\/a<\/li>\n<li>Una vez enviada toda la documentaci\u00f3n, la misma ser\u00e1 evaluada por la CD de Asalfa, se le informar\u00e1 a la brevedad si fue aprobada para abonar la cuota anual correspondiente al a\u00f1o en curso.<\/li>\n<li>La cuota societaria es ANUAL y corresponde al a\u00f1o en curso (enero a diciembre) independientemente de la fecha de asociaci\u00f3n.<\/li>\n<\/ul>\n<p>En la Secretar\u00eda de ASALFA se le brindar\u00e1 toda la informaci\u00f3n necesaria, env\u00ede su consulta v\u00eda mail.<\/p>\n<p style=\"text-align: center;\">\n<\/p>\t\t\t\t\t\t<\/div>\n\t\t\t\t<\/div>\n\t\t\t\t<div class=\"elementor-element elementor-element-7688dbf elementor-align-center elementor-widget elementor-widget-button\" data-id=\"7688dbf\" data-element_type=\"widget\" data-widget_type=\"button.default\">\n\t\t\t\t<div class=\"elementor-widget-container\">\n\t\t\t\t\t<div class=\"elementor-button-wrapper\">\n\t\t\t<a href=\"https:\/\/asalfa.org.ar\/Archivos\/SolicitudSocioAdherente.doc\" class=\"elementor-button-link elementor-button elementor-size-sm\" role=\"button\">\n\t\t\t\t\t\t<span class=\"elementor-button-content-wrapper\">\n\t\t\t\t\t\t<span class=\"elementor-button-icon elementor-align-icon-left\">\n\t\t\t\t<i aria-hidden=\"true\" class=\"fas fa-file-download\"><\/i>\t\t\t<\/span>\n\t\t\t\t\t\t<span class=\"elementor-button-text\">Solicitud Socio Adherente<\/span>\n\t\t<\/span>\n\t\t\t\t\t<\/a>\n\t\t<\/div>\n\t\t\t\t<\/div>\n\t\t\t\t<\/div>\n\t\t\t\t<div class=\"elementor-element elementor-element-06d54b4 elementor-align-center elementor-widget elementor-widget-button\" data-id=\"06d54b4\" data-element_type=\"widget\" data-widget_type=\"button.default\">\n\t\t\t\t<div class=\"elementor-widget-container\">\n\t\t\t\t\t<div class=\"elementor-button-wrapper\">\n\t\t\t<a href=\"https:\/\/www.asalfa.org.ar\/web\/estudiantes\/\" class=\"elementor-button-link elementor-button elementor-size-sm\" role=\"button\">\n\t\t\t\t\t\t<span class=\"elementor-button-content-wrapper\">\n\t\t\t\t\t\t<span class=\"elementor-button-icon elementor-align-icon-left\">\n\t\t\t\t<i aria-hidden=\"true\" class=\"fas fa-file-download\"><\/i>\t\t\t<\/span>\n\t\t\t\t\t\t<span class=\"elementor-button-text\">Solicitud para estudiantes universitarios<\/span>\n\t\t<\/span>\n\t\t\t\t\t<\/a>\n\t\t<\/div>\n\t\t\t\t<\/div>\n\t\t\t\t<\/div>\n\t\t\t\t\t<\/div>\n\t\t<\/div>\n\t\t\t\t\t\t\t<\/div>\n\t\t<\/section>\n\t\t\t\t\t\t<\/div>\n\t\t\t\t\t<\/div>\n\t\t","protected":false},"excerpt":{"rendered":"<p>El procedimiento a seguir es el siguiente: Descargue, imprima, complete la solicitud de Socio\/a adherente y f\u00edrmela (en original). Luego escanee y env\u00edela v\u00eda mail junto a una copia del t\u00edtulo universitario y de la matr\u00edcula profesional habilitante. En caso de ser estudiante universitaria\/o complete la solicitud, adjunte el certificado de alumno\/a regular universitario\/a Una&hellip;<\/p>\n","protected":false},"author":1,"featured_media":0,"parent":0,"menu_order":0,"comment_status":"closed","ping_status":"closed","template":"","meta":{"cybocfi_hide_featured_image":""},"yoast_head":"<!-- This site is optimized with the Yoast SEO plugin v16.8 - https:\/\/yoast.com\/wordpress\/plugins\/seo\/ -->\n<title>Como asociarse | Asoc. Arg. de Logopedia, Foniatr\u00eda y Audiolog\u00eda<\/title>\n<meta name=\"robots\" content=\"index, follow, max-snippet:-1, max-image-preview:large, max-video-preview:-1\" \/>\n<link rel=\"canonical\" href=\"http:\/\/www.asalfa.org.ar\/web\/como-asociarse\/\" \/>\n<meta property=\"og:locale\" content=\"es_ES\" \/>\n<meta property=\"og:type\" content=\"article\" \/>\n<meta property=\"og:title\" content=\"Como asociarse | Asoc. Arg. de Logopedia, Foniatr\u00eda y Audiolog\u00eda\" \/>\n<meta property=\"og:description\" content=\"El procedimiento a seguir es el siguiente: Descargue, imprima, complete la solicitud de Socio\/a adherente y f\u00edrmela (en original). Luego escanee y env\u00edela v\u00eda mail junto a una copia del t\u00edtulo universitario y de la matr\u00edcula profesional habilitante. En caso de ser estudiante universitaria\/o complete la solicitud, adjunte el certificado de alumno\/a regular universitario\/a Una&hellip;\" \/>\n<meta property=\"og:url\" content=\"http:\/\/www.asalfa.org.ar\/web\/como-asociarse\/\" \/>\n<meta property=\"og:site_name\" content=\"Asoc. Arg. de Logopedia, Foniatr\u00eda y Audiolog\u00eda\" \/>\n<meta property=\"article:publisher\" content=\"https:\/\/www.facebook.com\/asalfa.web\" \/>\n<meta property=\"article:modified_time\" content=\"2026-04-07T18:14:31+00:00\" \/>\n<meta name=\"twitter:card\" content=\"summary_large_image\" \/>\n<meta name=\"twitter:label1\" content=\"Tiempo de lectura\" \/>\n\t<meta name=\"twitter:data1\" content=\"1 minuto\" \/>\n<script type=\"application\/ld+json\" class=\"yoast-schema-graph\">{\"@context\":\"https:\/\/schema.org\",\"@graph\":[{\"@type\":\"Organization\",\"@id\":\"http:\/\/www.asalfa.org.ar\/web\/#organization\",\"name\":\"ASALFA\",\"url\":\"http:\/\/www.asalfa.org.ar\/web\/\",\"sameAs\":[\"https:\/\/www.facebook.com\/asalfa.web\",\"https:\/\/www.instagram.com\/asalfa.fono\/\",\"https:\/\/www.youtube.com\/channel\/UCViRiKssMnG1fvSb5yMV_Gw\"],\"logo\":{\"@type\":\"ImageObject\",\"@id\":\"http:\/\/www.asalfa.org.ar\/web\/#logo\",\"inLanguage\":\"es-AR\",\"url\":\"https:\/\/www.asalfa.org.ar\/web\/wp-content\/uploads\/2021\/07\/LogoASALFAdesde1948-1.png\",\"contentUrl\":\"https:\/\/www.asalfa.org.ar\/web\/wp-content\/uploads\/2021\/07\/LogoASALFAdesde1948-1.png\",\"width\":249,\"height\":65,\"caption\":\"ASALFA\"},\"image\":{\"@id\":\"http:\/\/www.asalfa.org.ar\/web\/#logo\"}},{\"@type\":\"WebSite\",\"@id\":\"http:\/\/www.asalfa.org.ar\/web\/#website\",\"url\":\"http:\/\/www.asalfa.org.ar\/web\/\",\"name\":\"ASALFA\",\"description\":\"Fonoaudiolog\\u00eda\",\"publisher\":{\"@id\":\"http:\/\/www.asalfa.org.ar\/web\/#organization\"},\"potentialAction\":[{\"@type\":\"SearchAction\",\"target\":{\"@type\":\"EntryPoint\",\"urlTemplate\":\"http:\/\/www.asalfa.org.ar\/web\/?s={search_term_string}\"},\"query-input\":\"required name=search_term_string\"}],\"inLanguage\":\"es-AR\"},{\"@type\":\"WebPage\",\"@id\":\"http:\/\/www.asalfa.org.ar\/web\/como-asociarse\/#webpage\",\"url\":\"http:\/\/www.asalfa.org.ar\/web\/como-asociarse\/\",\"name\":\"Como asociarse | Asoc. Arg. de Logopedia, Foniatr\\u00eda y Audiolog\\u00eda\",\"isPartOf\":{\"@id\":\"http:\/\/www.asalfa.org.ar\/web\/#website\"},\"datePublished\":\"2021-06-24T22:46:30+00:00\",\"dateModified\":\"2026-04-07T18:14:31+00:00\",\"breadcrumb\":{\"@id\":\"http:\/\/www.asalfa.org.ar\/web\/como-asociarse\/#breadcrumb\"},\"inLanguage\":\"es-AR\",\"potentialAction\":[{\"@type\":\"ReadAction\",\"target\":[\"http:\/\/www.asalfa.org.ar\/web\/como-asociarse\/\"]}]},{\"@type\":\"BreadcrumbList\",\"@id\":\"http:\/\/www.asalfa.org.ar\/web\/como-asociarse\/#breadcrumb\",\"itemListElement\":[{\"@type\":\"ListItem\",\"position\":1,\"name\":\"Inicio\",\"item\":\"http:\/\/www.asalfa.org.ar\/web\/\"},{\"@type\":\"ListItem\",\"position\":2,\"name\":\"Como asociarse\"}]}]}<\/script>\n<!-- \/ Yoast SEO plugin. -->","yoast_head_json":{"title":"Como asociarse | Asoc. Arg. de Logopedia, Foniatr\u00eda y Audiolog\u00eda","robots":{"index":"index","follow":"follow","max-snippet":"max-snippet:-1","max-image-preview":"max-image-preview:large","max-video-preview":"max-video-preview:-1"},"canonical":"http:\/\/www.asalfa.org.ar\/web\/como-asociarse\/","og_locale":"es_ES","og_type":"article","og_title":"Como asociarse | Asoc. Arg. de Logopedia, Foniatr\u00eda y Audiolog\u00eda","og_description":"El procedimiento a seguir es el siguiente: Descargue, imprima, complete la solicitud de Socio\/a adherente y f\u00edrmela (en original). Luego escanee y env\u00edela v\u00eda mail junto a una copia del t\u00edtulo universitario y de la matr\u00edcula profesional habilitante. En caso de ser estudiante universitaria\/o complete la solicitud, adjunte el certificado de alumno\/a regular universitario\/a Una&hellip;","og_url":"http:\/\/www.asalfa.org.ar\/web\/como-asociarse\/","og_site_name":"Asoc. Arg. de Logopedia, Foniatr\u00eda y Audiolog\u00eda","article_publisher":"https:\/\/www.facebook.com\/asalfa.web","article_modified_time":"2026-04-07T18:14:31+00:00","twitter_card":"summary_large_image","twitter_misc":{"Tiempo de lectura":"1 minuto"},"schema":{"@context":"https:\/\/schema.org","@graph":[{"@type":"Organization","@id":"http:\/\/www.asalfa.org.ar\/web\/#organization","name":"ASALFA","url":"http:\/\/www.asalfa.org.ar\/web\/","sameAs":["https:\/\/www.facebook.com\/asalfa.web","https:\/\/www.instagram.com\/asalfa.fono\/","https:\/\/www.youtube.com\/channel\/UCViRiKssMnG1fvSb5yMV_Gw"],"logo":{"@type":"ImageObject","@id":"http:\/\/www.asalfa.org.ar\/web\/#logo","inLanguage":"es-AR","url":"https:\/\/www.asalfa.org.ar\/web\/wp-content\/uploads\/2021\/07\/LogoASALFAdesde1948-1.png","contentUrl":"https:\/\/www.asalfa.org.ar\/web\/wp-content\/uploads\/2021\/07\/LogoASALFAdesde1948-1.png","width":249,"height":65,"caption":"ASALFA"},"image":{"@id":"http:\/\/www.asalfa.org.ar\/web\/#logo"}},{"@type":"WebSite","@id":"http:\/\/www.asalfa.org.ar\/web\/#website","url":"http:\/\/www.asalfa.org.ar\/web\/","name":"ASALFA","description":"Fonoaudiolog\u00eda","publisher":{"@id":"http:\/\/www.asalfa.org.ar\/web\/#organization"},"potentialAction":[{"@type":"SearchAction","target":{"@type":"EntryPoint","urlTemplate":"http:\/\/www.asalfa.org.ar\/web\/?s={search_term_string}"},"query-input":"required name=search_term_string"}],"inLanguage":"es-AR"},{"@type":"WebPage","@id":"http:\/\/www.asalfa.org.ar\/web\/como-asociarse\/#webpage","url":"http:\/\/www.asalfa.org.ar\/web\/como-asociarse\/","name":"Como asociarse | Asoc. Arg. de Logopedia, Foniatr\u00eda y Audiolog\u00eda","isPartOf":{"@id":"http:\/\/www.asalfa.org.ar\/web\/#website"},"datePublished":"2021-06-24T22:46:30+00:00","dateModified":"2026-04-07T18:14:31+00:00","breadcrumb":{"@id":"http:\/\/www.asalfa.org.ar\/web\/como-asociarse\/#breadcrumb"},"inLanguage":"es-AR","potentialAction":[{"@type":"ReadAction","target":["http:\/\/www.asalfa.org.ar\/web\/como-asociarse\/"]}]},{"@type":"BreadcrumbList","@id":"http:\/\/www.asalfa.org.ar\/web\/como-asociarse\/#breadcrumb","itemListElement":[{"@type":"ListItem","position":1,"name":"Inicio","item":"http:\/\/www.asalfa.org.ar\/web\/"},{"@type":"ListItem","position":2,"name":"Como asociarse"}]}]}},"_links":{"self":[{"href":"http:\/\/www.asalfa.org.ar\/web\/wp-json\/wp\/v2\/pages\/442"}],"collection":[{"href":"http:\/\/www.asalfa.org.ar\/web\/wp-json\/wp\/v2\/pages"}],"about":[{"href":"http:\/\/www.asalfa.org.ar\/web\/wp-json\/wp\/v2\/types\/page"}],"author":[{"embeddable":true,"href":"http:\/\/www.asalfa.org.ar\/web\/wp-json\/wp\/v2\/users\/1"}],"replies":[{"embeddable":true,"href":"http:\/\/www.asalfa.org.ar\/web\/wp-json\/wp\/v2\/comments?post=442"}],"version-history":[{"count":56,"href":"http:\/\/www.asalfa.org.ar\/web\/wp-json\/wp\/v2\/pages\/442\/revisions"}],"predecessor-version":[{"id":3076,"href":"http:\/\/www.asalfa.org.ar\/web\/wp-json\/wp\/v2\/pages\/442\/revisions\/3076"}],"wp:attachment":[{"href":"http:\/\/www.asalfa.org.ar\/web\/wp-json\/wp\/v2\/media?parent=442"}],"curies":[{"name":"wp","href":"https:\/\/api.w.org\/{rel}","templated":true}]}}