{"id":436,"date":"2021-06-24T22:40:41","date_gmt":"2021-06-24T22:40:41","guid":{"rendered":"http:\/\/www.asalfa.org.ar\/web\/?page_id=436"},"modified":"2025-03-06T15:00:32","modified_gmt":"2025-03-06T18:00:32","slug":"beneficios-para-socios","status":"publish","type":"page","link":"https:\/\/www.asalfa.org.ar\/web\/beneficios-para-socios\/","title":{"rendered":"Beneficios para socios"},"content":{"rendered":"<div id=\"sf_admin_container\">\n<p>Ser socio de ASALFA, m\u00e1s all\u00e1 del orgullo de formar parte de una prestigiosa asociaci\u00f3n cient\u00edfica y profesional sin fines de lucro que re\u00fane a Fonoaudi\u00f3logos Universitarios, Licenciados y Doctores en Fonoaudiolog\u00eda de todo el pa\u00eds, implica los siguientes beneficios:<\/p>\n<ul>\n<li><span class=\"JsGRdQ\">Importantes descuentos en cursos presenciales organizados por ASALFA.<\/span><\/li>\n<li><span class=\"JsGRdQ\">Descuentos en cursos certificados por ASALFA.<\/span><\/li>\n<li><span class=\"JsGRdQ\">Descuentos en cursos, congresos, jornadas, etc. realizados por otras instituciones con acuerdos previos<\/span><\/li>\n<li><span class=\"JsGRdQ\">Becas para eventos cient\u00edficos.<\/span><\/li>\n<li><span class=\"JsGRdQ\">Bonificaci\u00f3n en los valores de alquiler de la sede para la realizaci\u00f3n de cursos.<\/span><\/li>\n<li><span class=\"JsGRdQ\">Consulta gratuita en la biblioteca \u201cDr. Renato Segre\u201d.<\/span><\/li>\n<li><span class=\"JsGRdQ\">Respaldo institucional para la aclaraci\u00f3n de conflictos laborales y\/o \u00e9ticos en que se puedan ver involucrados los fonoaudi\u00f3logos.<\/span><\/li>\n<li><span class=\"JsGRdQ\">Acceso a la categor\u00eda de Socio Titular (valor curricular).<\/span><\/li>\n<li><span class=\"JsGRdQ\">Voz y voto en las Asambleas Ordinarias y Extraordinarias (solamente el socio titular).<\/span><\/li>\n<li><span class=\"JsGRdQ\">Posibilidad de ser propuesto para integrar la Comisi\u00f3n Directiva de la instituci\u00f3n (solamente el socio titular).<\/span><\/li>\n<\/ul>\n<\/div>\n","protected":false},"excerpt":{"rendered":"<p>Ser socio de ASALFA, m\u00e1s all\u00e1 del orgullo de formar parte de una prestigiosa asociaci\u00f3n cient\u00edfica y profesional sin fines de lucro que re\u00fane a Fonoaudi\u00f3logos Universitarios, Licenciados y Doctores en Fonoaudiolog\u00eda de todo el pa\u00eds, implica los siguientes beneficios: Importantes descuentos en cursos presenciales organizados por ASALFA. Descuentos en cursos certificados por ASALFA. Descuentos&hellip;<\/p>\n","protected":false},"author":1,"featured_media":0,"parent":0,"menu_order":0,"comment_status":"closed","ping_status":"closed","template":"","meta":{"cybocfi_hide_featured_image":""},"yoast_head":"<!-- This site is optimized with the Yoast SEO plugin v16.8 - https:\/\/yoast.com\/wordpress\/plugins\/seo\/ -->\n<title>Beneficios para socios | Asoc. Arg. de Logopedia, Foniatr\u00eda y Audiolog\u00eda<\/title>\n<meta name=\"robots\" content=\"index, follow, max-snippet:-1, max-image-preview:large, max-video-preview:-1\" \/>\n<link rel=\"canonical\" href=\"https:\/\/www.asalfa.org.ar\/web\/beneficios-para-socios\/\" \/>\n<meta property=\"og:locale\" content=\"es_ES\" \/>\n<meta property=\"og:type\" content=\"article\" \/>\n<meta property=\"og:title\" content=\"Beneficios para socios | Asoc. Arg. de Logopedia, Foniatr\u00eda y Audiolog\u00eda\" \/>\n<meta property=\"og:description\" content=\"Ser socio de ASALFA, m\u00e1s all\u00e1 del orgullo de formar parte de una prestigiosa asociaci\u00f3n cient\u00edfica y profesional sin fines de lucro que re\u00fane a Fonoaudi\u00f3logos Universitarios, Licenciados y Doctores en Fonoaudiolog\u00eda de todo el pa\u00eds, implica los siguientes beneficios: Importantes descuentos en cursos presenciales organizados por ASALFA. Descuentos en cursos certificados por ASALFA. Descuentos&hellip;\" \/>\n<meta property=\"og:url\" content=\"https:\/\/www.asalfa.org.ar\/web\/beneficios-para-socios\/\" \/>\n<meta property=\"og:site_name\" content=\"Asoc. Arg. de Logopedia, Foniatr\u00eda y Audiolog\u00eda\" \/>\n<meta property=\"article:publisher\" content=\"https:\/\/www.facebook.com\/asalfa.web\" \/>\n<meta property=\"article:modified_time\" content=\"2025-03-06T18:00:32+00:00\" \/>\n<meta name=\"twitter:card\" content=\"summary_large_image\" \/>\n<meta name=\"twitter:label1\" content=\"Tiempo de lectura\" \/>\n\t<meta name=\"twitter:data1\" content=\"1 minuto\" \/>\n<script type=\"application\/ld+json\" class=\"yoast-schema-graph\">{\"@context\":\"https:\/\/schema.org\",\"@graph\":[{\"@type\":\"Organization\",\"@id\":\"https:\/\/www.asalfa.org.ar\/web\/#organization\",\"name\":\"ASALFA\",\"url\":\"https:\/\/www.asalfa.org.ar\/web\/\",\"sameAs\":[\"https:\/\/www.facebook.com\/asalfa.web\",\"https:\/\/www.instagram.com\/asalfa.fono\/\",\"https:\/\/www.youtube.com\/channel\/UCViRiKssMnG1fvSb5yMV_Gw\"],\"logo\":{\"@type\":\"ImageObject\",\"@id\":\"https:\/\/www.asalfa.org.ar\/web\/#logo\",\"inLanguage\":\"es-AR\",\"url\":\"https:\/\/www.asalfa.org.ar\/web\/wp-content\/uploads\/2021\/07\/LogoASALFAdesde1948-1.png\",\"contentUrl\":\"https:\/\/www.asalfa.org.ar\/web\/wp-content\/uploads\/2021\/07\/LogoASALFAdesde1948-1.png\",\"width\":249,\"height\":65,\"caption\":\"ASALFA\"},\"image\":{\"@id\":\"https:\/\/www.asalfa.org.ar\/web\/#logo\"}},{\"@type\":\"WebSite\",\"@id\":\"https:\/\/www.asalfa.org.ar\/web\/#website\",\"url\":\"https:\/\/www.asalfa.org.ar\/web\/\",\"name\":\"ASALFA\",\"description\":\"Fonoaudiolog\\u00eda\",\"publisher\":{\"@id\":\"https:\/\/www.asalfa.org.ar\/web\/#organization\"},\"potentialAction\":[{\"@type\":\"SearchAction\",\"target\":{\"@type\":\"EntryPoint\",\"urlTemplate\":\"https:\/\/www.asalfa.org.ar\/web\/?s={search_term_string}\"},\"query-input\":\"required name=search_term_string\"}],\"inLanguage\":\"es-AR\"},{\"@type\":\"WebPage\",\"@id\":\"https:\/\/www.asalfa.org.ar\/web\/beneficios-para-socios\/#webpage\",\"url\":\"https:\/\/www.asalfa.org.ar\/web\/beneficios-para-socios\/\",\"name\":\"Beneficios para socios | Asoc. Arg. de Logopedia, Foniatr\\u00eda y Audiolog\\u00eda\",\"isPartOf\":{\"@id\":\"https:\/\/www.asalfa.org.ar\/web\/#website\"},\"datePublished\":\"2021-06-24T22:40:41+00:00\",\"dateModified\":\"2025-03-06T18:00:32+00:00\",\"breadcrumb\":{\"@id\":\"https:\/\/www.asalfa.org.ar\/web\/beneficios-para-socios\/#breadcrumb\"},\"inLanguage\":\"es-AR\",\"potentialAction\":[{\"@type\":\"ReadAction\",\"target\":[\"https:\/\/www.asalfa.org.ar\/web\/beneficios-para-socios\/\"]}]},{\"@type\":\"BreadcrumbList\",\"@id\":\"https:\/\/www.asalfa.org.ar\/web\/beneficios-para-socios\/#breadcrumb\",\"itemListElement\":[{\"@type\":\"ListItem\",\"position\":1,\"name\":\"Inicio\",\"item\":\"https:\/\/www.asalfa.org.ar\/web\/\"},{\"@type\":\"ListItem\",\"position\":2,\"name\":\"Beneficios para socios\"}]}]}<\/script>\n<!-- \/ Yoast SEO plugin. -->","yoast_head_json":{"title":"Beneficios para socios | Asoc. Arg. de Logopedia, Foniatr\u00eda y Audiolog\u00eda","robots":{"index":"index","follow":"follow","max-snippet":"max-snippet:-1","max-image-preview":"max-image-preview:large","max-video-preview":"max-video-preview:-1"},"canonical":"https:\/\/www.asalfa.org.ar\/web\/beneficios-para-socios\/","og_locale":"es_ES","og_type":"article","og_title":"Beneficios para socios | Asoc. Arg. de Logopedia, Foniatr\u00eda y Audiolog\u00eda","og_description":"Ser socio de ASALFA, m\u00e1s all\u00e1 del orgullo de formar parte de una prestigiosa asociaci\u00f3n cient\u00edfica y profesional sin fines de lucro que re\u00fane a Fonoaudi\u00f3logos Universitarios, Licenciados y Doctores en Fonoaudiolog\u00eda de todo el pa\u00eds, implica los siguientes beneficios: Importantes descuentos en cursos presenciales organizados por ASALFA. Descuentos en cursos certificados por ASALFA. Descuentos&hellip;","og_url":"https:\/\/www.asalfa.org.ar\/web\/beneficios-para-socios\/","og_site_name":"Asoc. Arg. de Logopedia, Foniatr\u00eda y Audiolog\u00eda","article_publisher":"https:\/\/www.facebook.com\/asalfa.web","article_modified_time":"2025-03-06T18:00:32+00:00","twitter_card":"summary_large_image","twitter_misc":{"Tiempo de lectura":"1 minuto"},"schema":{"@context":"https:\/\/schema.org","@graph":[{"@type":"Organization","@id":"https:\/\/www.asalfa.org.ar\/web\/#organization","name":"ASALFA","url":"https:\/\/www.asalfa.org.ar\/web\/","sameAs":["https:\/\/www.facebook.com\/asalfa.web","https:\/\/www.instagram.com\/asalfa.fono\/","https:\/\/www.youtube.com\/channel\/UCViRiKssMnG1fvSb5yMV_Gw"],"logo":{"@type":"ImageObject","@id":"https:\/\/www.asalfa.org.ar\/web\/#logo","inLanguage":"es-AR","url":"https:\/\/www.asalfa.org.ar\/web\/wp-content\/uploads\/2021\/07\/LogoASALFAdesde1948-1.png","contentUrl":"https:\/\/www.asalfa.org.ar\/web\/wp-content\/uploads\/2021\/07\/LogoASALFAdesde1948-1.png","width":249,"height":65,"caption":"ASALFA"},"image":{"@id":"https:\/\/www.asalfa.org.ar\/web\/#logo"}},{"@type":"WebSite","@id":"https:\/\/www.asalfa.org.ar\/web\/#website","url":"https:\/\/www.asalfa.org.ar\/web\/","name":"ASALFA","description":"Fonoaudiolog\u00eda","publisher":{"@id":"https:\/\/www.asalfa.org.ar\/web\/#organization"},"potentialAction":[{"@type":"SearchAction","target":{"@type":"EntryPoint","urlTemplate":"https:\/\/www.asalfa.org.ar\/web\/?s={search_term_string}"},"query-input":"required name=search_term_string"}],"inLanguage":"es-AR"},{"@type":"WebPage","@id":"https:\/\/www.asalfa.org.ar\/web\/beneficios-para-socios\/#webpage","url":"https:\/\/www.asalfa.org.ar\/web\/beneficios-para-socios\/","name":"Beneficios para socios | Asoc. Arg. de Logopedia, Foniatr\u00eda y Audiolog\u00eda","isPartOf":{"@id":"https:\/\/www.asalfa.org.ar\/web\/#website"},"datePublished":"2021-06-24T22:40:41+00:00","dateModified":"2025-03-06T18:00:32+00:00","breadcrumb":{"@id":"https:\/\/www.asalfa.org.ar\/web\/beneficios-para-socios\/#breadcrumb"},"inLanguage":"es-AR","potentialAction":[{"@type":"ReadAction","target":["https:\/\/www.asalfa.org.ar\/web\/beneficios-para-socios\/"]}]},{"@type":"BreadcrumbList","@id":"https:\/\/www.asalfa.org.ar\/web\/beneficios-para-socios\/#breadcrumb","itemListElement":[{"@type":"ListItem","position":1,"name":"Inicio","item":"https:\/\/www.asalfa.org.ar\/web\/"},{"@type":"ListItem","position":2,"name":"Beneficios para socios"}]}]}},"_links":{"self":[{"href":"https:\/\/www.asalfa.org.ar\/web\/wp-json\/wp\/v2\/pages\/436"}],"collection":[{"href":"https:\/\/www.asalfa.org.ar\/web\/wp-json\/wp\/v2\/pages"}],"about":[{"href":"https:\/\/www.asalfa.org.ar\/web\/wp-json\/wp\/v2\/types\/page"}],"author":[{"embeddable":true,"href":"https:\/\/www.asalfa.org.ar\/web\/wp-json\/wp\/v2\/users\/1"}],"replies":[{"embeddable":true,"href":"https:\/\/www.asalfa.org.ar\/web\/wp-json\/wp\/v2\/comments?post=436"}],"version-history":[{"count":6,"href":"https:\/\/www.asalfa.org.ar\/web\/wp-json\/wp\/v2\/pages\/436\/revisions"}],"predecessor-version":[{"id":2697,"href":"https:\/\/www.asalfa.org.ar\/web\/wp-json\/wp\/v2\/pages\/436\/revisions\/2697"}],"wp:attachment":[{"href":"https:\/\/www.asalfa.org.ar\/web\/wp-json\/wp\/v2\/media?parent=436"}],"curies":[{"name":"wp","href":"https:\/\/api.w.org\/{rel}","templated":true}]}}