{"id":481,"date":"2021-06-24T23:33:36","date_gmt":"2021-06-25T02:33:36","guid":{"rendered":"http:\/\/www.asalfa.org.ar\/web\/?page_id=481"},"modified":"2021-07-13T16:13:03","modified_gmt":"2021-07-13T19:13:03","slug":"premio-asalfa","status":"publish","type":"page","link":"https:\/\/www.asalfa.org.ar\/web\/premio-asalfa\/","title":{"rendered":"Premio ASALFA"},"content":{"rendered":"<p align=\"center\"><strong>PREMIO \u201cASALFA\u201d AL MEJOR TRABAJO CIENT\u00cdFICO <\/strong><\/p>\n<p align=\"center\"><strong>\u00a0<\/strong><!--more--><\/p>\n<p align=\"center\"><strong>REGLAMENTO<\/strong><\/p>\n<p align=\"center\">(Actualizado y aprobado por Comisi\u00f3n Directiva el 3\/02\/16)<\/p>\n<p><strong>I &#8211; DISPOSICIONES GENERALES:<\/strong><\/p>\n<p>Art.1: La Comisi\u00f3n Directiva de la Asociaci\u00f3n Argentina de Logopedia, Foniatr\u00eda y Audiolog\u00eda instituye el premio anual \u201cASALFA\u201d que ser\u00e1 otorgado al mejor trabajo cient\u00edfico de Fonoaudiolog\u00eda en las disciplinas: <strong>Lenguaje<\/strong>, <strong>Voz<\/strong>, <strong>Fonoestomatolog\u00eda<\/strong>, <strong>Audiolog\u00eda e Intervenci\u00f3n Temprana<\/strong>.<\/p>\n<p>Art. 2: Las condiciones y bases para este premio son las especificadas en el presente reglamento.<\/p>\n<p>Art. 3: Corresponde a la Comisi\u00f3n Directiva de ASALFA aclarar todo lo que se refiera al presente premio en cuanto a la interpretaci\u00f3n de las normas fijadas para su otorgamiento.<\/p>\n<p>Art. 4: Toda situaci\u00f3n no contemplada en el presente reglamento ser\u00e1 oportunamente examinada y resuelta por la Comisi\u00f3n Directiva de ASALFA.<\/p>\n<p><strong>\u00a0<\/strong><\/p>\n<p><strong>II &#8211; TRABAJOS:<\/strong><\/p>\n<p>Art. 5: Los trabajos a concursar deber\u00e1n ser originales, no publicados ni presentados previamente. Tampoco se aceptar\u00e1n trabajos cuyo contenido tenga marcada similitud a otros ya presentados por los mismos o diferentes autores.<\/p>\n<p>Art. 6: Los trabajos versar\u00e1n sobre cualquier tema de inter\u00e9s para la Fonoaudiolog\u00eda. Se aceptar\u00e1n trabajos de investigaci\u00f3n,\u00a0 revisiones bibliogr\u00e1ficas, actualizaci\u00f3n y presentaci\u00f3n de casos cl\u00ednicos.<\/p>\n<p>Art. 7: Los trabajos podr\u00e1n ser realizados por m\u00e1s de un autor,\u00a0 socios o no de ASALFA. El primer autor ser\u00e1 considerado el autor principal y representante del grupo.<\/p>\n<p>Art. 8: A la fecha de presentaci\u00f3n de los trabajos, todos los autores deber\u00e1n estar graduados en Universidad reconocida por el Ministerio de Educaci\u00f3n de la Naci\u00f3n.<\/p>\n<p>Art. 9: Los trabajos deber\u00e1n ser presentados en espa\u00f1ol, escritos con procesador de textos, tipo de letra Arial de tama\u00f1o 12, interlineado 1,5, m\u00e1rgenes no inferiores a 2,5 cm, tama\u00f1o de p\u00e1gina A4, formato pdf.<\/p>\n<p>Art. 10: Para que un trabajo sea tenido en consideraci\u00f3n debe tener la estructura sugerida en las normas de publicaci\u00f3n de trabajos cient\u00edficos de la Revista Fonoaudiol\u00f3gica. Se puede acceder a ellas a trav\u00e9s de este link: <a href=\"https:\/\/asalfa.org.ar\/publicaciones\/revistafonoaudiologica\">www.asalfa.org.ar\/publicaciones\/revistafonoaudiologica<\/a>.<\/p>\n<p>&nbsp;<\/p>\n<p>&nbsp;<\/p>\n<p><strong>Trabajo de investigaci\u00f3n:<\/strong><\/p>\n<p>&#8211;\u00a0\u00a0\u00a0\u00a0\u00a0 Introducci\u00f3n<\/p>\n<p>&#8211;\u00a0\u00a0\u00a0\u00a0\u00a0 Objetivo<\/p>\n<p>&#8211;\u00a0\u00a0\u00a0\u00a0\u00a0 Pacientes (o sujetos o materiales) y m\u00e9todo<\/p>\n<p>&#8211;\u00a0\u00a0\u00a0\u00a0\u00a0 Resultados<\/p>\n<p>&#8211;\u00a0\u00a0\u00a0\u00a0\u00a0 Discusi\u00f3n<\/p>\n<p>&#8211;\u00a0\u00a0\u00a0\u00a0\u00a0 Conclusiones<\/p>\n<p>&#8211;\u00a0\u00a0\u00a0\u00a0\u00a0 Bibliograf\u00eda<\/p>\n<p>&nbsp;<\/p>\n<p><strong>Revisi\u00f3n Bibliogr\u00e1fica\/Actualizaci\u00f3n<\/strong><\/p>\n<p>&#8211;\u00a0\u00a0\u00a0\u00a0\u00a0 Introducci\u00f3n<\/p>\n<p>&#8211;\u00a0\u00a0\u00a0\u00a0\u00a0 Objetivo<\/p>\n<p>&#8211;\u00a0\u00a0\u00a0\u00a0\u00a0 Desarrollo (con los subt\u00edtulos que el autor crea convenientes)<\/p>\n<p>&#8211;\u00a0\u00a0\u00a0\u00a0\u00a0 Conclusiones<\/p>\n<p>&#8211;\u00a0\u00a0\u00a0\u00a0\u00a0 Bibliograf\u00eda<\/p>\n<p>&nbsp;<\/p>\n<p><strong>Presentaci\u00f3n de casos cl\u00ednicos<\/strong><\/p>\n<p>&#8211;\u00a0\u00a0\u00a0\u00a0\u00a0 Introducci\u00f3n<\/p>\n<p>&#8211;\u00a0\u00a0\u00a0\u00a0\u00a0 Presentaci\u00f3n de los casos cl\u00ednicos<\/p>\n<p>&#8211;\u00a0\u00a0\u00a0\u00a0\u00a0 Discusi\u00f3n<\/p>\n<p>&#8211;\u00a0\u00a0\u00a0\u00a0\u00a0 Conclusiones<\/p>\n<p>&#8211;\u00a0\u00a0\u00a0\u00a0\u00a0 Bibliograf\u00eda<\/p>\n<p>En todos los casos, la bibliograf\u00eda se citar\u00e1 en secuencia num\u00e9rica consecutiva de acuerdo con su orden de aparici\u00f3n. Para la referencia de revistas m\u00e9dicas se utilizar\u00e1n las abreviaturas que aparecen en el Index Medicus: List of Journals Indexed disponible en: www.ncbi.nlm.nih.gov\/entrez\/citmatch_help.html#Journalists<\/p>\n<p>Art. 11: Los trabajos a concursar deber\u00e1n ser enviados a la Secretar\u00eda de ASALFA \u00fanicamente por correo (sin especificar remitente), dentro de un sobre identificado con un seud\u00f3nimo. No se aceptar\u00e1n trabajos entregados personalmente ni enviados a trav\u00e9s de correo electr\u00f3nico.Se presentar\u00e1n el trabajo original, tres copias en papel y una copia en CD en formato pdf.<\/p>\n<p>Art. 12: En un sobre cerrado adjunto rotulado con el seud\u00f3nimo elegido y la disciplina a la que postula,\u00a0 se incluir\u00e1 una nota donde conste:<\/p>\n<p>&#8211;\u00a0\u00a0\u00a0\u00a0\u00a0 T\u00edtulo del trabajo<\/p>\n<p>&#8211;\u00a0\u00a0\u00a0\u00a0\u00a0 Apellido y nombre real de el\/los autores<\/p>\n<p>&#8211;\u00a0\u00a0\u00a0\u00a0\u00a0 Direcci\u00f3n<\/p>\n<p>&#8211;\u00a0\u00a0\u00a0\u00a0\u00a0 N\u00famero de Documento de Identidad<\/p>\n<p>&#8211;\u00a0\u00a0\u00a0\u00a0\u00a0 Tel\u00e9fono fijo<\/p>\n<p>&#8211;\u00a0\u00a0\u00a0\u00a0\u00a0 Tel\u00e9fono celular<\/p>\n<p>&#8211;\u00a0\u00a0\u00a0\u00a0\u00a0 Correo electr\u00f3nico<\/p>\n<p>&#8211;\u00a0\u00a0\u00a0\u00a0\u00a0 Carta firmada por el autor principal declarando que el trabajo no fue presentado ni publicado previamente. Tambi\u00e9n una constancia firmada con la aceptaci\u00f3n del presente reglamento.<\/p>\n<p>Art. 13: Los sobres conteniendo la informaci\u00f3n de autor\u00eda y el CD quedar\u00e1n guardados en la biblioteca de la instituci\u00f3n hasta tanto no se haya expedido el Comit\u00e9 Evaluador.<\/p>\n<p>Art. 14: La fecha l\u00edmite de recepci\u00f3n de los trabajos ser\u00e1 establecida cada a\u00f1o por la Comisi\u00f3n Directiva. Los trabajos que se entreguen con posterioridad a dicha fecha ser\u00e1n evaluados para el premio del a\u00f1o siguiente.<\/p>\n<p>Art. 15: ASALFA se reserva el derecho de la eventual publicaci\u00f3n de todos los trabajos concursantes en la Revista Fonoaudiol\u00f3gica.Si correspondiese, sugerir\u00e1 al autor hacer modificaciones y\/o aclaraciones.<\/p>\n<p>Art. 16: Los trabajos que postulen para estos premios no podr\u00e1n ser editados sin el conocimiento o aprobaci\u00f3n de la Comisi\u00f3n Directiva de ASALFA.<\/p>\n<p>Art. 17: Los autores asumen la responsabilidad inherente a la autor\u00eda de los trabajos y el cumplimiento de las normas \u00e9ticas y legales pertinentes. En caso de la detecci\u00f3n de irregularidades, bien sea por desconocimiento, omisi\u00f3n o acci\u00f3n, se invalidar\u00e1 la participaci\u00f3n.<\/p>\n<p>&nbsp;<\/p>\n<p><strong>III &#8211; COMIT\u00c9 EVALUADOR<\/strong>:<\/p>\n<p>Art. 18: Para cada uno de los premios a concursar la Comisi\u00f3n Directiva de ASALFA nombrar\u00e1 un Comit\u00e9 Evaluador compuesto por tres integrantes, miembros o no de esta asociaci\u00f3n, profesionales fonoaudi\u00f3logos con antecedentes curriculares de relevancia y \u00e9ticos intachables, uno de ellos especialista en Metodolog\u00eda de la Investigaci\u00f3n y dos en la tem\u00e1tica del trabajo. En cada Comit\u00e9 Evaluador actuar\u00e1 como coordinador el integrante de mayores antecedentes curriculares.<\/p>\n<p>Art. 19: Una vez efectuada la designaci\u00f3n del Comit\u00e9 Evaluador, la Comisi\u00f3n Directiva de ASALFA har\u00e1 llegar a cada uno de sus integrantes, una copia completa de los trabajos concursantes.<\/p>\n<p>Art. 20: En caso de ausencia\u00a0 de alguno de los integrantes del Comit\u00e9 Evaluador, por causa de fuerza mayor y de \u00faltimo momento, la Comisi\u00f3n Directiva de ASALFA quedar\u00e1 facultada para designar al reemplazante con uno de sus miembros.<\/p>\n<p>Art. 21: Para la evaluaci\u00f3n se tendr\u00e1n en cuenta los siguientes aspectos:<\/p>\n<p>&#8211;\u00a0\u00a0\u00a0\u00a0\u00a0 Respetar el Reglamento del Premio ASALFA<\/p>\n<p>&#8211;\u00a0\u00a0\u00a0\u00a0\u00a0 Originalidad del tema<\/p>\n<p>&#8211;\u00a0\u00a0\u00a0\u00a0\u00a0 Tipo de estudio y complejidad<\/p>\n<p>&#8211;\u00a0\u00a0\u00a0\u00a0\u00a0 Rigor cient\u00edfico<\/p>\n<p>&#8211;\u00a0\u00a0\u00a0\u00a0\u00a0 Metodolog\u00eda y dise\u00f1o apropiado<\/p>\n<p>&#8211;\u00a0\u00a0\u00a0\u00a0\u00a0 Claridad en la definici\u00f3n de los objetivos<\/p>\n<p>&#8211;\u00a0\u00a0\u00a0\u00a0\u00a0 Validez y consistencia de la informaci\u00f3n presentada.<\/p>\n<p>&#8211;\u00a0\u00a0\u00a0\u00a0\u00a0 Claridad y exposici\u00f3n de los resultados<\/p>\n<p>&#8211;\u00a0\u00a0\u00a0\u00a0\u00a0 Validez de las conclusiones<\/p>\n<p>&#8211;\u00a0\u00a0\u00a0\u00a0\u00a0 Referenciado bibliogr\u00e1fico correcto y suficiente<\/p>\n<p>&#8211;\u00a0\u00a0\u00a0\u00a0\u00a0 Aplicabilidad de los resultados y\/o conclusiones.<\/p>\n<p>&#8211;\u00a0\u00a0\u00a0\u00a0\u00a0 Relevancia desde el punto de vista de su contribuci\u00f3n al conocimiento<\/p>\n<p>&#8211;\u00a0\u00a0\u00a0\u00a0\u00a0 Esfuerzo para la realizaci\u00f3n<\/p>\n<p>&#8211;\u00a0\u00a0\u00a0\u00a0\u00a0 Prolijidad de la presentaci\u00f3n<\/p>\n<p>Art. 22: A partir de la recepci\u00f3n de los trabajos el Comit\u00e9 Evaluador tendr\u00e1 un plazo de 45 (cuarenta y cinco) d\u00edas para expedirse, debiendo reunirse por lo menos una vez antes de entregar su dictamen individual con los considerandos que avalen su fallo.<\/p>\n<p>Art. 23: Cada uno de los integrantes del Comit\u00e9 Evaluador elevar\u00e1 un informe por escrito, en el cual asignar\u00e1 a cada trabajo concursante una calificaci\u00f3n num\u00e9rica del 1 al 10 (siendo 10 la puntuaci\u00f3n m\u00e1s alta), a la que deber\u00e1 a\u00f1adir la correspondiente calificaci\u00f3n cualitativa:<\/p>\n<ul>\n<li>0 &#8211; 5: Sin m\u00e9ritos suficientes para concursar<\/li>\n<li>6-7: Bueno<\/li>\n<li>8: Muy bueno<\/li>\n<li>9: Distinguido<\/li>\n<li>10: Sobresaliente.<\/li>\n<\/ul>\n<p>Del promedio del puntaje de los tres integrantes del Comit\u00e9 Evaluador se obtendr\u00e1 el puntaje final del trabajo.<\/p>\n<p>Art 24: En caso de empate de dos o m\u00e1s trabajos cient\u00edficos se someter\u00e1 el dictamen al coordinador del comit\u00e9 o a quien \u00e9l designe, quien desempatar\u00e1, pudiendo otorgar un premio \u201cAcc\u00e9sit\u201d al otro trabajo.<\/p>\n<p>Art. 25: Con acuerdo total del Comit\u00e9 Evaluador, podr\u00e1 otorgarse una \u201cMenci\u00f3n Especial\u201d a aquellos trabajos que por sus m\u00e9ritos merezcan ser reconocidos,<\/p>\n<p>Art. 26: La resoluci\u00f3n del Comit\u00e9 Evaluador ser\u00e1 comunicada al autor principal de cada trabajo.<\/p>\n<p>Art. 27: Si en opini\u00f3n del Comit\u00e9 Evaluador ning\u00fan trabajo reuniera m\u00e9ritos suficientes, el premio podr\u00eda ser declarado desierto en la totalidad de las disciplinas.<\/p>\n<p>Art. 28: Los dict\u00e1menes del Comit\u00e9 Evaluador ser\u00e1n inapelables y no dar\u00e1n lugar a recurso alguno.El s\u00f3lo hecho de presentar trabajos supone la total aceptaci\u00f3n de esta reglamentaci\u00f3n y sus bases por parte de los participantes, como as\u00ed tambi\u00e9n la conformidad con el Comit\u00e9 Evaluador que se designe y su sometimiento al mismo.<\/p>\n<p>Art. 29: Los miembros del Comit\u00e9 Evaluador no podr\u00e1n dictaminar sobre trabajos realizados en instituciones en las cuales cumplan actividades.<\/p>\n<p>Art. 30: Los integrantes del Comit\u00e9 Evaluador se encuentran inhibidos de presentar trabajos para este concurso, as\u00ed como tambi\u00e9n los miembros de la Comisi\u00f3n Directiva de ASALFA.<\/p>\n<p>Art. 31: Uno de los ejemplares de cada trabajo presentado quedar\u00e1 incorporado a la Biblioteca de ASALFA. Las copias restantes podr\u00e1n ser retiradas por los respectivos autores a partir de la entrega de los premios y por el t\u00e9rmino de dos meses. Pasada dicha fecha ser\u00e1n destruidos y no se aceptar\u00e1n reclamos.<\/p>\n<p><strong>\u00a0<\/strong><\/p>\n<p><strong>IV &#8211; PREMIOS:<\/strong><\/p>\n<p>Art. 32: Ser\u00e1 premiado s\u00f3lo un trabajo en cada disciplina (no podr\u00e1n declararse empates).<\/p>\n<p>Art. 33: El otorgamiento de los premios ser\u00e1 comunicado por nota al autor o co-autor principal, anunciado en la p\u00e1gina WEB, Facebook y Bolet\u00edn Informativo de la Asociaci\u00f3n.<\/p>\n<p>Art. 34: Cualquiera sea el premio obtenido por el trabajo, se entregar\u00e1 al autor un Diploma firmado por la Comisi\u00f3n Directiva de ASALFA.<\/p>\n<p>Art. 35: En caso de que el trabajo fuera realizado por m\u00e1s de un autor, se entregar\u00e1 un Diploma a cada uno de ellos.<\/p>\n<p>Art. 36: La entrega de los premios tendr\u00e1 lugar en un acto acad\u00e9mico coincidente con una Reuni\u00f3n Cient\u00edfica de ASALFA, en fecha a designar.<\/p>\n<p>Art. 37.: La Comisi\u00f3n Directiva de ASALFA\u00a0 determinar\u00e1 la mejor forma de exponer los trabajos premiados, de acuerdo a sus posibilidades: presentaci\u00f3n en reuni\u00f3n cient\u00edfica,\u00a0 publicaci\u00f3n online en la p\u00e1gina Web de la instituci\u00f3n,\u00a0 publicaci\u00f3n en la Revista Fonoaudiol\u00f3gica, etc.<\/p>\n<div class=\"anchor\"><\/div>\n","protected":false},"excerpt":{"rendered":"<p>PREMIO \u201cASALFA\u201d AL MEJOR TRABAJO CIENT\u00cdFICO \u00a0<\/p>\n","protected":false},"author":1,"featured_media":0,"parent":0,"menu_order":0,"comment_status":"closed","ping_status":"closed","template":"","meta":{"cybocfi_hide_featured_image":""},"yoast_head":"<!-- This site is optimized with the Yoast SEO plugin v16.8 - https:\/\/yoast.com\/wordpress\/plugins\/seo\/ -->\n<title>Premio ASALFA | Asoc. Arg. de Logopedia, Foniatr\u00eda y Audiolog\u00eda<\/title>\n<meta name=\"robots\" content=\"index, follow, max-snippet:-1, max-image-preview:large, max-video-preview:-1\" \/>\n<link rel=\"canonical\" href=\"https:\/\/www.asalfa.org.ar\/web\/premio-asalfa\/\" \/>\n<meta property=\"og:locale\" content=\"es_ES\" \/>\n<meta property=\"og:type\" content=\"article\" \/>\n<meta property=\"og:title\" content=\"Premio ASALFA | Asoc. Arg. de Logopedia, Foniatr\u00eda y Audiolog\u00eda\" \/>\n<meta property=\"og:description\" content=\"PREMIO \u201cASALFA\u201d AL MEJOR TRABAJO CIENT\u00cdFICO \u00a0\" \/>\n<meta property=\"og:url\" content=\"https:\/\/www.asalfa.org.ar\/web\/premio-asalfa\/\" \/>\n<meta property=\"og:site_name\" content=\"Asoc. Arg. de Logopedia, Foniatr\u00eda y Audiolog\u00eda\" \/>\n<meta property=\"article:publisher\" content=\"https:\/\/www.facebook.com\/asalfa.web\" \/>\n<meta property=\"article:modified_time\" content=\"2021-07-13T19:13:03+00:00\" \/>\n<meta name=\"twitter:card\" content=\"summary_large_image\" \/>\n<meta name=\"twitter:label1\" content=\"Tiempo de lectura\" \/>\n\t<meta name=\"twitter:data1\" content=\"8 minutos\" \/>\n<script type=\"application\/ld+json\" class=\"yoast-schema-graph\">{\"@context\":\"https:\/\/schema.org\",\"@graph\":[{\"@type\":\"Organization\",\"@id\":\"https:\/\/www.asalfa.org.ar\/web\/#organization\",\"name\":\"ASALFA\",\"url\":\"https:\/\/www.asalfa.org.ar\/web\/\",\"sameAs\":[\"https:\/\/www.facebook.com\/asalfa.web\",\"https:\/\/www.instagram.com\/asalfa.fono\/\",\"https:\/\/www.youtube.com\/channel\/UCViRiKssMnG1fvSb5yMV_Gw\"],\"logo\":{\"@type\":\"ImageObject\",\"@id\":\"https:\/\/www.asalfa.org.ar\/web\/#logo\",\"inLanguage\":\"es-AR\",\"url\":\"https:\/\/www.asalfa.org.ar\/web\/wp-content\/uploads\/2021\/07\/LogoASALFAdesde1948-1.png\",\"contentUrl\":\"https:\/\/www.asalfa.org.ar\/web\/wp-content\/uploads\/2021\/07\/LogoASALFAdesde1948-1.png\",\"width\":249,\"height\":65,\"caption\":\"ASALFA\"},\"image\":{\"@id\":\"https:\/\/www.asalfa.org.ar\/web\/#logo\"}},{\"@type\":\"WebSite\",\"@id\":\"https:\/\/www.asalfa.org.ar\/web\/#website\",\"url\":\"https:\/\/www.asalfa.org.ar\/web\/\",\"name\":\"ASALFA\",\"description\":\"Fonoaudiolog\\u00eda\",\"publisher\":{\"@id\":\"https:\/\/www.asalfa.org.ar\/web\/#organization\"},\"potentialAction\":[{\"@type\":\"SearchAction\",\"target\":{\"@type\":\"EntryPoint\",\"urlTemplate\":\"https:\/\/www.asalfa.org.ar\/web\/?s={search_term_string}\"},\"query-input\":\"required name=search_term_string\"}],\"inLanguage\":\"es-AR\"},{\"@type\":\"WebPage\",\"@id\":\"https:\/\/www.asalfa.org.ar\/web\/premio-asalfa\/#webpage\",\"url\":\"https:\/\/www.asalfa.org.ar\/web\/premio-asalfa\/\",\"name\":\"Premio ASALFA | Asoc. Arg. de Logopedia, Foniatr\\u00eda y Audiolog\\u00eda\",\"isPartOf\":{\"@id\":\"https:\/\/www.asalfa.org.ar\/web\/#website\"},\"datePublished\":\"2021-06-25T02:33:36+00:00\",\"dateModified\":\"2021-07-13T19:13:03+00:00\",\"breadcrumb\":{\"@id\":\"https:\/\/www.asalfa.org.ar\/web\/premio-asalfa\/#breadcrumb\"},\"inLanguage\":\"es-AR\",\"potentialAction\":[{\"@type\":\"ReadAction\",\"target\":[\"https:\/\/www.asalfa.org.ar\/web\/premio-asalfa\/\"]}]},{\"@type\":\"BreadcrumbList\",\"@id\":\"https:\/\/www.asalfa.org.ar\/web\/premio-asalfa\/#breadcrumb\",\"itemListElement\":[{\"@type\":\"ListItem\",\"position\":1,\"name\":\"Inicio\",\"item\":\"https:\/\/www.asalfa.org.ar\/web\/\"},{\"@type\":\"ListItem\",\"position\":2,\"name\":\"Premio ASALFA\"}]}]}<\/script>\n<!-- \/ Yoast SEO plugin. -->","yoast_head_json":{"title":"Premio ASALFA | Asoc. Arg. de Logopedia, Foniatr\u00eda y Audiolog\u00eda","robots":{"index":"index","follow":"follow","max-snippet":"max-snippet:-1","max-image-preview":"max-image-preview:large","max-video-preview":"max-video-preview:-1"},"canonical":"https:\/\/www.asalfa.org.ar\/web\/premio-asalfa\/","og_locale":"es_ES","og_type":"article","og_title":"Premio ASALFA | Asoc. Arg. de Logopedia, Foniatr\u00eda y Audiolog\u00eda","og_description":"PREMIO \u201cASALFA\u201d AL MEJOR TRABAJO CIENT\u00cdFICO \u00a0","og_url":"https:\/\/www.asalfa.org.ar\/web\/premio-asalfa\/","og_site_name":"Asoc. Arg. de Logopedia, Foniatr\u00eda y Audiolog\u00eda","article_publisher":"https:\/\/www.facebook.com\/asalfa.web","article_modified_time":"2021-07-13T19:13:03+00:00","twitter_card":"summary_large_image","twitter_misc":{"Tiempo de lectura":"8 minutos"},"schema":{"@context":"https:\/\/schema.org","@graph":[{"@type":"Organization","@id":"https:\/\/www.asalfa.org.ar\/web\/#organization","name":"ASALFA","url":"https:\/\/www.asalfa.org.ar\/web\/","sameAs":["https:\/\/www.facebook.com\/asalfa.web","https:\/\/www.instagram.com\/asalfa.fono\/","https:\/\/www.youtube.com\/channel\/UCViRiKssMnG1fvSb5yMV_Gw"],"logo":{"@type":"ImageObject","@id":"https:\/\/www.asalfa.org.ar\/web\/#logo","inLanguage":"es-AR","url":"https:\/\/www.asalfa.org.ar\/web\/wp-content\/uploads\/2021\/07\/LogoASALFAdesde1948-1.png","contentUrl":"https:\/\/www.asalfa.org.ar\/web\/wp-content\/uploads\/2021\/07\/LogoASALFAdesde1948-1.png","width":249,"height":65,"caption":"ASALFA"},"image":{"@id":"https:\/\/www.asalfa.org.ar\/web\/#logo"}},{"@type":"WebSite","@id":"https:\/\/www.asalfa.org.ar\/web\/#website","url":"https:\/\/www.asalfa.org.ar\/web\/","name":"ASALFA","description":"Fonoaudiolog\u00eda","publisher":{"@id":"https:\/\/www.asalfa.org.ar\/web\/#organization"},"potentialAction":[{"@type":"SearchAction","target":{"@type":"EntryPoint","urlTemplate":"https:\/\/www.asalfa.org.ar\/web\/?s={search_term_string}"},"query-input":"required name=search_term_string"}],"inLanguage":"es-AR"},{"@type":"WebPage","@id":"https:\/\/www.asalfa.org.ar\/web\/premio-asalfa\/#webpage","url":"https:\/\/www.asalfa.org.ar\/web\/premio-asalfa\/","name":"Premio ASALFA | Asoc. Arg. de Logopedia, Foniatr\u00eda y Audiolog\u00eda","isPartOf":{"@id":"https:\/\/www.asalfa.org.ar\/web\/#website"},"datePublished":"2021-06-25T02:33:36+00:00","dateModified":"2021-07-13T19:13:03+00:00","breadcrumb":{"@id":"https:\/\/www.asalfa.org.ar\/web\/premio-asalfa\/#breadcrumb"},"inLanguage":"es-AR","potentialAction":[{"@type":"ReadAction","target":["https:\/\/www.asalfa.org.ar\/web\/premio-asalfa\/"]}]},{"@type":"BreadcrumbList","@id":"https:\/\/www.asalfa.org.ar\/web\/premio-asalfa\/#breadcrumb","itemListElement":[{"@type":"ListItem","position":1,"name":"Inicio","item":"https:\/\/www.asalfa.org.ar\/web\/"},{"@type":"ListItem","position":2,"name":"Premio ASALFA"}]}]}},"_links":{"self":[{"href":"https:\/\/www.asalfa.org.ar\/web\/wp-json\/wp\/v2\/pages\/481"}],"collection":[{"href":"https:\/\/www.asalfa.org.ar\/web\/wp-json\/wp\/v2\/pages"}],"about":[{"href":"https:\/\/www.asalfa.org.ar\/web\/wp-json\/wp\/v2\/types\/page"}],"author":[{"embeddable":true,"href":"https:\/\/www.asalfa.org.ar\/web\/wp-json\/wp\/v2\/users\/1"}],"replies":[{"embeddable":true,"href":"https:\/\/www.asalfa.org.ar\/web\/wp-json\/wp\/v2\/comments?post=481"}],"version-history":[{"count":3,"href":"https:\/\/www.asalfa.org.ar\/web\/wp-json\/wp\/v2\/pages\/481\/revisions"}],"predecessor-version":[{"id":766,"href":"https:\/\/www.asalfa.org.ar\/web\/wp-json\/wp\/v2\/pages\/481\/revisions\/766"}],"wp:attachment":[{"href":"https:\/\/www.asalfa.org.ar\/web\/wp-json\/wp\/v2\/media?parent=481"}],"curies":[{"name":"wp","href":"https:\/\/api.w.org\/{rel}","templated":true}]}}