{"id":488,"date":"2021-06-24T23:41:53","date_gmt":"2021-06-25T02:41:53","guid":{"rendered":"http:\/\/www.asalfa.org.ar\/web\/?page_id=488"},"modified":"2022-07-04T15:01:36","modified_gmt":"2022-07-04T18:01:36","slug":"difusion-de-eventos","status":"publish","type":"page","link":"https:\/\/www.asalfa.org.ar\/web\/difusion-de-eventos\/","title":{"rendered":"Difusi\u00f3n de Eventos"},"content":{"rendered":"<p><strong>REQUISITOS<\/strong><\/p>\n<ul>\n<li><span lang=\"ES\">Los eventos deber ser de inter\u00e9s fonoaudiol\u00f3gico de acuerdo con el criterio de la Comisi\u00f3n Directiva de ASALFA.<\/span><\/li>\n<li><span lang=\"ES\">Los eventos deben ser organizados por:<\/span>\n<ul>\n<li><span lang=\"ES\">Universidades u Hospitales Universitarios<\/span><\/li>\n<li><span lang=\"ES\">Instituciones de Fonoaudiolog\u00eda p\u00fablicas o privadas <\/span><\/li>\n<li><span lang=\"ES\">Asociaciones y Sociedades de Fonoaudiolog\u00eda<\/span><\/li>\n<li><span lang=\"ES\">Colegios de Fonoaudi\u00f3logos<\/span><\/li>\n<li><span lang=\"ES\">C\u00edrculos Fonoaudiol\u00f3gicos<\/span><\/li>\n<li><span lang=\"ES\">Fundaciones<\/span><\/li>\n<li><span lang=\"ES\">Profesionales con experiencia demostrable en el \u00e1rea a abordar.<\/span><\/li>\n<\/ul>\n<\/li>\n<li><span lang=\"ES\">Los programas (con las autoridades, el temario y los disertantes) deben ser enviados con suficiente anticipaci\u00f3n (<\/span><span lang=\"ES\">por lo menos 6<\/span><span lang=\"ES\">O<\/span><span lang=\"ES\"> d\u00edas antes del evento)<\/span><span lang=\"ES\"> como para poder ser evaluados por la Comisi\u00f3n Directiva de ASALFA.<\/span><\/li>\n<li><span lang=\"ES\">La fecha del evento no debe coincidir con ninguna de las actividades organizadas por ASALFA. <\/span><\/li>\n<li><span lang=\"ES\">La difusi\u00f3n de cursos gratuitos no tiene costo.<\/span><\/li>\n<li><span lang=\"ES\">La difusi\u00f3n de cursos arancelados implica una bonificaci\u00f3n en el arancel de inscripci\u00f3n de los socios de ASALFA con cuota social al d\u00eda <\/span><\/li>\n<\/ul>\n<p style=\"text-align: center;\"><span lang=\"ES\"><strong>Formulario de pedido de difusi\u00f3n de eventos<\/strong><\/span><\/p>\n<p><a href=\"https:\/\/asalfa.org.ar\/Archivos\/FormularioPedidoDifusionDeEventos.doc\"><img loading=\"lazy\" class=\"wp-image-445 aligncenter\" src=\"http:\/\/www.asalfa.org.ar\/web\/wp-content\/uploads\/2021\/06\/fecha-abajo-purpura-300x300.png\" alt=\"\" width=\"131\" height=\"131\" srcset=\"https:\/\/www.asalfa.org.ar\/web\/wp-content\/uploads\/2021\/06\/fecha-abajo-purpura-300x300.png 300w, https:\/\/www.asalfa.org.ar\/web\/wp-content\/uploads\/2021\/06\/fecha-abajo-purpura-150x150.png 150w, https:\/\/www.asalfa.org.ar\/web\/wp-content\/uploads\/2021\/06\/fecha-abajo-purpura.png 512w\" sizes=\"(max-width: 131px) 100vw, 131px\" \/><\/a><\/p>\n","protected":false},"excerpt":{"rendered":"<p>REQUISITOS Los eventos deber ser de inter\u00e9s fonoaudiol\u00f3gico de acuerdo con el criterio de la Comisi\u00f3n Directiva de ASALFA. Los eventos deben ser organizados por: Universidades u Hospitales Universitarios Instituciones de Fonoaudiolog\u00eda p\u00fablicas o privadas Asociaciones y Sociedades de Fonoaudiolog\u00eda Colegios de Fonoaudi\u00f3logos C\u00edrculos Fonoaudiol\u00f3gicos Fundaciones Profesionales con experiencia demostrable en el \u00e1rea a abordar.&hellip;<\/p>\n","protected":false},"author":1,"featured_media":740,"parent":0,"menu_order":0,"comment_status":"closed","ping_status":"closed","template":"","meta":{"cybocfi_hide_featured_image":""},"yoast_head":"<!-- This site is optimized with the Yoast SEO plugin v16.8 - https:\/\/yoast.com\/wordpress\/plugins\/seo\/ -->\n<title>Difusi\u00f3n de Eventos | Asoc. Arg. de Logopedia, Foniatr\u00eda y Audiolog\u00eda<\/title>\n<meta name=\"robots\" content=\"index, follow, max-snippet:-1, max-image-preview:large, max-video-preview:-1\" \/>\n<link rel=\"canonical\" href=\"https:\/\/www.asalfa.org.ar\/web\/difusion-de-eventos\/\" \/>\n<meta property=\"og:locale\" content=\"es_ES\" \/>\n<meta property=\"og:type\" content=\"article\" \/>\n<meta property=\"og:title\" content=\"Difusi\u00f3n de Eventos | Asoc. Arg. de Logopedia, Foniatr\u00eda y Audiolog\u00eda\" \/>\n<meta property=\"og:description\" content=\"REQUISITOS Los eventos deber ser de inter\u00e9s fonoaudiol\u00f3gico de acuerdo con el criterio de la Comisi\u00f3n Directiva de ASALFA. Los eventos deben ser organizados por: Universidades u Hospitales Universitarios Instituciones de Fonoaudiolog\u00eda p\u00fablicas o privadas Asociaciones y Sociedades de Fonoaudiolog\u00eda Colegios de Fonoaudi\u00f3logos C\u00edrculos Fonoaudiol\u00f3gicos Fundaciones Profesionales con experiencia demostrable en el \u00e1rea a abordar.&hellip;\" \/>\n<meta property=\"og:url\" content=\"https:\/\/www.asalfa.org.ar\/web\/difusion-de-eventos\/\" \/>\n<meta property=\"og:site_name\" content=\"Asoc. Arg. de Logopedia, Foniatr\u00eda y Audiolog\u00eda\" \/>\n<meta property=\"article:publisher\" content=\"https:\/\/www.facebook.com\/asalfa.web\" \/>\n<meta property=\"article:modified_time\" content=\"2022-07-04T18:01:36+00:00\" \/>\n<meta property=\"og:image\" content=\"http:\/\/www.asalfa.org.ar\/web\/wp-content\/uploads\/2021\/06\/eventos-medicos-sao-mesmo-importantes-e1626205391832.png\" \/>\n\t<meta property=\"og:image:width\" content=\"483\" \/>\n\t<meta property=\"og:image:height\" content=\"252\" \/>\n<meta name=\"twitter:card\" content=\"summary_large_image\" \/>\n<meta name=\"twitter:label1\" content=\"Tiempo de lectura\" \/>\n\t<meta name=\"twitter:data1\" content=\"1 minuto\" \/>\n<script type=\"application\/ld+json\" class=\"yoast-schema-graph\">{\"@context\":\"https:\/\/schema.org\",\"@graph\":[{\"@type\":\"Organization\",\"@id\":\"http:\/\/www.asalfa.org.ar\/web\/#organization\",\"name\":\"ASALFA\",\"url\":\"http:\/\/www.asalfa.org.ar\/web\/\",\"sameAs\":[\"https:\/\/www.facebook.com\/asalfa.web\",\"https:\/\/www.instagram.com\/asalfa.fono\/\",\"https:\/\/www.youtube.com\/channel\/UCViRiKssMnG1fvSb5yMV_Gw\"],\"logo\":{\"@type\":\"ImageObject\",\"@id\":\"http:\/\/www.asalfa.org.ar\/web\/#logo\",\"inLanguage\":\"es-AR\",\"url\":\"https:\/\/www.asalfa.org.ar\/web\/wp-content\/uploads\/2021\/07\/LogoASALFAdesde1948-1.png\",\"contentUrl\":\"https:\/\/www.asalfa.org.ar\/web\/wp-content\/uploads\/2021\/07\/LogoASALFAdesde1948-1.png\",\"width\":249,\"height\":65,\"caption\":\"ASALFA\"},\"image\":{\"@id\":\"http:\/\/www.asalfa.org.ar\/web\/#logo\"}},{\"@type\":\"WebSite\",\"@id\":\"http:\/\/www.asalfa.org.ar\/web\/#website\",\"url\":\"http:\/\/www.asalfa.org.ar\/web\/\",\"name\":\"ASALFA\",\"description\":\"Fonoaudiolog\\u00eda\",\"publisher\":{\"@id\":\"http:\/\/www.asalfa.org.ar\/web\/#organization\"},\"potentialAction\":[{\"@type\":\"SearchAction\",\"target\":{\"@type\":\"EntryPoint\",\"urlTemplate\":\"http:\/\/www.asalfa.org.ar\/web\/?s={search_term_string}\"},\"query-input\":\"required name=search_term_string\"}],\"inLanguage\":\"es-AR\"},{\"@type\":\"ImageObject\",\"@id\":\"https:\/\/www.asalfa.org.ar\/web\/difusion-de-eventos\/#primaryimage\",\"inLanguage\":\"es-AR\",\"url\":\"https:\/\/www.asalfa.org.ar\/web\/wp-content\/uploads\/2021\/06\/eventos-medicos-sao-mesmo-importantes-e1626205391832.png\",\"contentUrl\":\"https:\/\/www.asalfa.org.ar\/web\/wp-content\/uploads\/2021\/06\/eventos-medicos-sao-mesmo-importantes-e1626205391832.png\",\"width\":483,\"height\":252},{\"@type\":\"WebPage\",\"@id\":\"https:\/\/www.asalfa.org.ar\/web\/difusion-de-eventos\/#webpage\",\"url\":\"https:\/\/www.asalfa.org.ar\/web\/difusion-de-eventos\/\",\"name\":\"Difusi\\u00f3n de Eventos | Asoc. Arg. de Logopedia, Foniatr\\u00eda y Audiolog\\u00eda\",\"isPartOf\":{\"@id\":\"http:\/\/www.asalfa.org.ar\/web\/#website\"},\"primaryImageOfPage\":{\"@id\":\"https:\/\/www.asalfa.org.ar\/web\/difusion-de-eventos\/#primaryimage\"},\"datePublished\":\"2021-06-25T02:41:53+00:00\",\"dateModified\":\"2022-07-04T18:01:36+00:00\",\"breadcrumb\":{\"@id\":\"https:\/\/www.asalfa.org.ar\/web\/difusion-de-eventos\/#breadcrumb\"},\"inLanguage\":\"es-AR\",\"potentialAction\":[{\"@type\":\"ReadAction\",\"target\":[\"https:\/\/www.asalfa.org.ar\/web\/difusion-de-eventos\/\"]}]},{\"@type\":\"BreadcrumbList\",\"@id\":\"https:\/\/www.asalfa.org.ar\/web\/difusion-de-eventos\/#breadcrumb\",\"itemListElement\":[{\"@type\":\"ListItem\",\"position\":1,\"name\":\"Inicio\",\"item\":\"http:\/\/www.asalfa.org.ar\/web\/\"},{\"@type\":\"ListItem\",\"position\":2,\"name\":\"Difusi\\u00f3n de Eventos\"}]}]}<\/script>\n<!-- \/ Yoast SEO plugin. -->","yoast_head_json":{"title":"Difusi\u00f3n de Eventos | Asoc. Arg. de Logopedia, Foniatr\u00eda y Audiolog\u00eda","robots":{"index":"index","follow":"follow","max-snippet":"max-snippet:-1","max-image-preview":"max-image-preview:large","max-video-preview":"max-video-preview:-1"},"canonical":"https:\/\/www.asalfa.org.ar\/web\/difusion-de-eventos\/","og_locale":"es_ES","og_type":"article","og_title":"Difusi\u00f3n de Eventos | Asoc. Arg. de Logopedia, Foniatr\u00eda y Audiolog\u00eda","og_description":"REQUISITOS Los eventos deber ser de inter\u00e9s fonoaudiol\u00f3gico de acuerdo con el criterio de la Comisi\u00f3n Directiva de ASALFA. Los eventos deben ser organizados por: Universidades u Hospitales Universitarios Instituciones de Fonoaudiolog\u00eda p\u00fablicas o privadas Asociaciones y Sociedades de Fonoaudiolog\u00eda Colegios de Fonoaudi\u00f3logos C\u00edrculos Fonoaudiol\u00f3gicos Fundaciones Profesionales con experiencia demostrable en el \u00e1rea a abordar.&hellip;","og_url":"https:\/\/www.asalfa.org.ar\/web\/difusion-de-eventos\/","og_site_name":"Asoc. Arg. de Logopedia, Foniatr\u00eda y Audiolog\u00eda","article_publisher":"https:\/\/www.facebook.com\/asalfa.web","article_modified_time":"2022-07-04T18:01:36+00:00","og_image":[{"width":483,"height":252,"url":"http:\/\/www.asalfa.org.ar\/web\/wp-content\/uploads\/2021\/06\/eventos-medicos-sao-mesmo-importantes-e1626205391832.png","path":"\/home\/laura\/public_html\/web\/wp-content\/uploads\/2021\/06\/eventos-medicos-sao-mesmo-importantes-e1626205391832.png","size":"full","id":740,"alt":"","pixels":121716,"type":"image\/png"}],"twitter_card":"summary_large_image","twitter_misc":{"Tiempo de lectura":"1 minuto"},"schema":{"@context":"https:\/\/schema.org","@graph":[{"@type":"Organization","@id":"http:\/\/www.asalfa.org.ar\/web\/#organization","name":"ASALFA","url":"http:\/\/www.asalfa.org.ar\/web\/","sameAs":["https:\/\/www.facebook.com\/asalfa.web","https:\/\/www.instagram.com\/asalfa.fono\/","https:\/\/www.youtube.com\/channel\/UCViRiKssMnG1fvSb5yMV_Gw"],"logo":{"@type":"ImageObject","@id":"http:\/\/www.asalfa.org.ar\/web\/#logo","inLanguage":"es-AR","url":"https:\/\/www.asalfa.org.ar\/web\/wp-content\/uploads\/2021\/07\/LogoASALFAdesde1948-1.png","contentUrl":"https:\/\/www.asalfa.org.ar\/web\/wp-content\/uploads\/2021\/07\/LogoASALFAdesde1948-1.png","width":249,"height":65,"caption":"ASALFA"},"image":{"@id":"http:\/\/www.asalfa.org.ar\/web\/#logo"}},{"@type":"WebSite","@id":"http:\/\/www.asalfa.org.ar\/web\/#website","url":"http:\/\/www.asalfa.org.ar\/web\/","name":"ASALFA","description":"Fonoaudiolog\u00eda","publisher":{"@id":"http:\/\/www.asalfa.org.ar\/web\/#organization"},"potentialAction":[{"@type":"SearchAction","target":{"@type":"EntryPoint","urlTemplate":"http:\/\/www.asalfa.org.ar\/web\/?s={search_term_string}"},"query-input":"required name=search_term_string"}],"inLanguage":"es-AR"},{"@type":"ImageObject","@id":"https:\/\/www.asalfa.org.ar\/web\/difusion-de-eventos\/#primaryimage","inLanguage":"es-AR","url":"https:\/\/www.asalfa.org.ar\/web\/wp-content\/uploads\/2021\/06\/eventos-medicos-sao-mesmo-importantes-e1626205391832.png","contentUrl":"https:\/\/www.asalfa.org.ar\/web\/wp-content\/uploads\/2021\/06\/eventos-medicos-sao-mesmo-importantes-e1626205391832.png","width":483,"height":252},{"@type":"WebPage","@id":"https:\/\/www.asalfa.org.ar\/web\/difusion-de-eventos\/#webpage","url":"https:\/\/www.asalfa.org.ar\/web\/difusion-de-eventos\/","name":"Difusi\u00f3n de Eventos | Asoc. Arg. de Logopedia, Foniatr\u00eda y Audiolog\u00eda","isPartOf":{"@id":"http:\/\/www.asalfa.org.ar\/web\/#website"},"primaryImageOfPage":{"@id":"https:\/\/www.asalfa.org.ar\/web\/difusion-de-eventos\/#primaryimage"},"datePublished":"2021-06-25T02:41:53+00:00","dateModified":"2022-07-04T18:01:36+00:00","breadcrumb":{"@id":"https:\/\/www.asalfa.org.ar\/web\/difusion-de-eventos\/#breadcrumb"},"inLanguage":"es-AR","potentialAction":[{"@type":"ReadAction","target":["https:\/\/www.asalfa.org.ar\/web\/difusion-de-eventos\/"]}]},{"@type":"BreadcrumbList","@id":"https:\/\/www.asalfa.org.ar\/web\/difusion-de-eventos\/#breadcrumb","itemListElement":[{"@type":"ListItem","position":1,"name":"Inicio","item":"http:\/\/www.asalfa.org.ar\/web\/"},{"@type":"ListItem","position":2,"name":"Difusi\u00f3n de Eventos"}]}]}},"_links":{"self":[{"href":"https:\/\/www.asalfa.org.ar\/web\/wp-json\/wp\/v2\/pages\/488"}],"collection":[{"href":"https:\/\/www.asalfa.org.ar\/web\/wp-json\/wp\/v2\/pages"}],"about":[{"href":"https:\/\/www.asalfa.org.ar\/web\/wp-json\/wp\/v2\/types\/page"}],"author":[{"embeddable":true,"href":"https:\/\/www.asalfa.org.ar\/web\/wp-json\/wp\/v2\/users\/1"}],"replies":[{"embeddable":true,"href":"https:\/\/www.asalfa.org.ar\/web\/wp-json\/wp\/v2\/comments?post=488"}],"version-history":[{"count":6,"href":"https:\/\/www.asalfa.org.ar\/web\/wp-json\/wp\/v2\/pages\/488\/revisions"}],"predecessor-version":[{"id":2175,"href":"https:\/\/www.asalfa.org.ar\/web\/wp-json\/wp\/v2\/pages\/488\/revisions\/2175"}],"wp:featuredmedia":[{"embeddable":true,"href":"https:\/\/www.asalfa.org.ar\/web\/wp-json\/wp\/v2\/media\/740"}],"wp:attachment":[{"href":"https:\/\/www.asalfa.org.ar\/web\/wp-json\/wp\/v2\/media?parent=488"}],"curies":[{"name":"wp","href":"https:\/\/api.w.org\/{rel}","templated":true}]}}